ppose -9 = -m*y - y. What are the prime factors of y?
3
Suppose -6 = -5*y + 4. Let t be y/(-10) + (-19)/5. Let z(r) = r**3 + 4*r**2 - r + 4. List the prime factors of z(t).
2
Let p(m) = 4 + 0*m**2 + 0*m**2 + 4 + 7*m - m**2. What are the prime factors of p(7)?
2
Let i(v) = v - 3. Let m(n) = n - 2. Let o(h) = 5*i(h) - 6*m(h). Suppose -2*t - 14 = -2*j + 10, 5*j - 5 = 0. List the prime factors of o(t).
2
Let r = 0 + 0. Let n = 9 + -20. Let m = r - n. What are the prime factors of m?
11
List the prime factors of 1232/(-33)*(-3)/2.
2, 7
List the prime factors of -5*3*5/(-15).
5
Let a = 5 + 0. Suppose -10 = -u + a*v + 16, 0 = 5*u - 3*v - 86. List the prime factors of u.
2
Suppose 4*q - q = 27. Suppose -5*i = q - 64. List the prime factors of i.
11
Let r = 3 + -2. Suppose -11 = -2*q - r. Suppose j = -q*u + 39, -3*u - j + 20 = 3*j. What are the prime factors of u?
2
Let j(c) be the second derivative of -c**3/6 - 6*c**2 - 2*c. Let g be j(-8). Let k(l) = -l**3 - 4*l**2 - 2*l - 1. What are the prime factors of k(g)?
7
Let d = 13 - 9. Let j(o) = o + 1. Let t(c) = -4*c. Let p(u) = -2*j(u) - t(u). What are the prime factors of p(d)?
2, 3
Suppose -58 = 5*s - 288. List the prime factors of s.
2, 23
Let c be -1 + (3 + -1 - 0). Suppose -8 = -6*i + 16. Let d = i - c. List the prime factors of d.
3
Let p = -9 - 7. Let d = p + 44. What are the prime factors of d?
2, 7
Let c(f) = 2*f**2 - f - 1. Suppose s = -5*g - 0*s - 28, 40 = -5*g + 5*s. Let y be -1 + 3/(g/2). List the prime factors of c(y).
3
Let b(p) = p**3 + 7*p**2 + 6*p + 2. What are the prime factors of b(-5)?
2, 11
Suppose -r - 4*r - 30 = 0. Let h = r - -12. What are the prime factors of h?
2, 3
Suppose 3*n + n - 8 = 0. Suppose n*t = 4*t - 20. What are the prime factors of t?
2, 5
Suppose -5*l = 5*g - 5, -4*g + l = 2*l - 10. Suppose -g*s = -0 - 6. Suppose 0 = -4*n + s*h + 6, 0*n + h = 4*n - 7. What are the prime factors of n?
2
Let q be -1 - (-3 - 0)/1. Suppose 3*w + 19 = -q*m - 2*w, 2*m + 9 = -3*w. Suppose -5 = -5*l, -2*l + 18 = m*p + p. What are the prime factors of p?
2
List the prime factors of 11 + -2 + (1 - -3).
13
Let d(z) = 5*z**2 + 2*z + 7. What are the prime factors of d(-3)?
2, 23
Suppose -4*o + 7 = -5, 2*r = 5*o - 3. Suppose r*u - 21 = 3*u. List the prime factors of u.
7
Let u be -2 + 2 - (-1 + -1). Suppose 5*m - 77 = u*h - 16, m + 2*h - 5 = 0. List the prime factors of m.
11
Suppose 10*c = 17*c - 196. List the prime factors of c.
2, 7
Let n(c) = -c**2 + 7*c - 6. Let j be n(6). Suppose -3*x - k + 13 = j, k = x - 5 + 2. What are the prime factors of x?
2
Suppose 4*a = 1 + 7. Let c(t) = 3*t**3 - 2*t**2 - 2*t + 2. What are the prime factors of c(a)?
2, 7
Suppose 0 = -5*c - 4 + 64. List the prime factors of -6*((-52)/c + -3).
2, 11
Let c(q) = -q**3 - 3*q**2 + 5*q + 1. Let t be c(-4). List the prime factors of 10/t*36/(-30).
2
Let y be (2/(-1))/(-1 + 2). Let i be ((-6)/y)/(2/10). Let h = -9 + i. List the prime factors of h.
2, 3
Let h = 69 + 1. Suppose -a - 4*a + h = 0. List the prime factors of a.
2, 7
Let a = 18 - 11. Let y(m) = m**3 - 8*m**2 + 10*m + 2. List the prime factors of y(a).
23
Suppose 3*y = -37 + 109. What are the prime factors of y?
2, 3
Let t(k) = -4*k**2 + 2*k**2 + 2*k**2 + 2*k + 2 + 2*k**2. Let a be t(-3). Suppose -2*i = 2 - a. What are the prime factors of i?
2, 3
Let b = -18 - -285. List the prime factors of b.
3, 89
Suppose -3*s - 28 = -3*i + 2*i, 5*s + i + 52 = 0. Let w = 17 + s. List the prime factors of w.
7
Suppose -12 = -u + 5*u. What are the prime factors of (29 + 1)/u*-2?
2, 5
Suppose -3*z = 12, b + 4*z - 26 = 93. What are the prime factors of b?
3, 5
Let n(z) = z**2 - z - 4. Let k be n(0). Let b be (-2)/8 + 7/k. List the prime factors of 3 - 3/(3/b).
5
Let v be 6/(-4) - (-315)/(-30). Let i(t) = -13*t**2 - t**3 + 0 + 8 + 3*t - 16*t. What are the prime factors of i(v)?
2, 5
Suppose 14*p = 9*p + 115. Let k = -38 - -27. Let h = k + p. List the prime factors of h.
2, 3
Suppose 2 + 2 = 2*y. Suppose -4*w = -5*h - 115, -3*w = -y*w - 5*h - 40. List the prime factors of w.
5
Suppose 5 = -b + 2. Let t(r) = r**2 + 2*r - 4 + 5 + r**2. What are the prime factors of t(b)?
13
Suppose -252 = -5*g + 263. Suppose 52 = 5*z - g. List the prime factors of z.
31
Let o = 152 - 65. List the prime factors of o.
3, 29
Let i = 17 + -10. What are the prime factors of i?
7
Let y = 36 - 12. List the prime factors of y.
2, 3
Suppose 5*o + 49 = 924. Let r = o + -118. Suppose -2*g = g - r. What are the prime factors of g?
19
Suppose -4*y = w - 480, -4*y + 472 = 3*w - 0*w. What are the prime factors of y?
11
Let x(h) = 5*h - 2*h - 1 + 6*h**2 - h. Let q be 1 - 4 - (-8)/2. List the prime factors of x(q).
7
Let d(r) = r - 1. Let g be d(1). Suppose 3*m - 15 = -g*a + 4*a, -10 = -2*m + 4*a. Suppose -m*i = -5*s + 125, 3*s + i = -0*i + 55. List the prime factors of s.
2, 5
Suppose -n - 28 + 158 = 0. List the prime factors of n.
2, 5, 13
Let b = -4 - -7. Let o = -3 + b. Suppose -z + 4*w + 0 + 8 = 0, o = 5*z + 2*w - 40. What are the prime factors of z?
2
Suppose -3*v + 3 = 0, -2*u + 35 = -0*v + 5*v. Let z(b) = -b**2 + 8*b - 8. Let j be z(7). What are the prime factors of (-6)/(-9)*u + j?
3
Let t = 6 - 5. Let a be 6/(-4)*(-3 + t). Suppose a*l + l = 8. List the prime factors of l.
2
Suppose -3*p = -5*y + 79, y + 4*p - 2 = -0*y. List the prime factors of y.
2, 7
Let r be 93/9 + (-3)/9. Suppose 0 = 5*q - 0*a + 3*a + 20, -2*a = 0. Let k = q + r. List the prime factors of k.
2, 3
Let q = 1 - 4. What are the prime factors of 15 + (-5 - -3) - q?
2
Let u be (-1 - 2) + 1 - 20. Let n = -12 - u. Let p = n - 4. What are the prime factors of p?
2, 3
Let k be 4/3 - (-4)/6. Suppose -d - 8 = -k*m, -6*m - 3*d - 6 = -3*m. Suppose 4*a - 37 = -3*z + m*a, 5*a + 12 = 2*z. List the prime factors of z.
11
Let r(l) = 2*l**2 - 9*l. Let t be r(6). Let z be 24/16*(-8)/(-6). Suppose 2*u - 11 = 3*w, 4*u - z*w = t + 8. What are the prime factors of u?
7
Suppose 2 = 2*a - 28. Let x = -3 + a. What are the prime factors of x?
2, 3
Suppose -2*f - 7 = g + 3*f, -2*f = 2. Let s be g - -4 - (1 - -1). Suppose s = 5*c + 5*v - 47 - 3, -3*v + 2 = -c. List the prime factors of c.
7
Let h be 24/(-20)*(-50)/3. Suppose -h = 5*o, 4*o + 152 = 4*p - 0*o. List the prime factors of p.
2, 17
Suppose 6*y - y = 20. Suppose y = 4*r - 8. Suppose -b = r*b - 48. What are the prime factors of b?
2, 3
Let t = -27 + 199. What are the prime factors of t?
2, 43
Let g = 1 - -11. Let v be -5*(g/(-5))/(-3). What are the prime factors of 1/v - 147/(-12)?
2, 3
Let d be 1 + (1 - -1) + -2. Let s be (-1)/(9/(-6) + d). Suppose -s*w - 7 = -q, -2*w = -q - q + 18. What are the prime factors of q?
11
Suppose 4*d - d = 0. Suppose d = -3*i + 5*c, 0*i + 3*i = c + 12. List the prime factors of i.
5
Let q(a) be the third derivative of 11*a**5/60 + a**4/8 + a**3/3 - 2*a**2. List the prime factors of q(-1).
2, 5
Let i be (-14)/(-8) + 1/4. Suppose 0 = -a - 3*c - i + 3, a - 6 = 2*c. Suppose 2*u - a - 11 = d, 3*u + 3*d = 27. List the prime factors of u.
2
Suppose 40 = 2*v + 5*u, -5*v + 42 + 85 = -u. Suppose 4*a = 3*l - 64, l + 3*a - v = 5. What are the prime factors of l?
2, 3
List the prime factors of -2*(-4)/(-16)*-106.
53
Let s(w) = -15*w**3 - 2*w - 1. Let x = 3 + -4. Let i be s(x). Suppose -4 = -5*m + i. List the prime factors of m.
2
Suppose 2*c - 224 = 4*i, 207 = -5*c + 5*i + 767. Let p = -48 + c. Suppose -3*y + p = y. List the prime factors of y.
2
Suppose -m + 34 = 2*m - 5*a, -a = -4. List the prime factors of m.
2, 3
List the prime factors of 0 + 182 - (7 - (-40)/(-8)).
2, 3, 5
Let g(k) = -k + 24. List the prime factors of g(-12).
2, 3
Suppose -9*v = -5*v - 160. Let f = 9 + v. List the prime factors of f.
7
Suppose 0 = -2*c + 2*b + 22, -5*c + 23 + 2 = 5*b. Suppose 0 = 5*g - 4*f - c, -4*f - f = g + 10. Suppose 2*r - 7*r + 55 = g. What are the prime factors of r?
11
Let b be (-1)/(-1 + (-32)/(-30)). Let r be (-5)/(b/(-6))*-1. Suppose -6*i + r*i + 20 = 0. List the prime factors of i.
5
Suppose -3*l - m + 16 = l, 0 = -5*l - 4*m + 9. Let j = 7 + l. Suppose -j = -2*k - k. List the prime factors of k.
2
Suppose 0 = -k + 5*k - 2*i - 586, 0 = 4*i + 4. What are the prime factors of k?
2, 73
Let i = -49 + 72. What are the prime factors of i?
23
Let z = -14 - -8. What are the prime factors of (-3)/(z